d = 1 - f. Suppose -d = -3*p + 25. List the prime factors of p.
2, 3
What are the prime factors of (-378)/(-4)*(-8)/(-6)?
2, 3, 7
What are the prime factors of (4 - -1)*294/35?
2, 3, 7
Let d(n) = -n**3 + 4*n**2 + 5*n + 3. Let r be d(5). Suppose -j + 0*j = -r. Suppose 15 = b + j. What are the prime factors of b?
2, 3
Suppose -m + 38 = -9. List the prime factors of m.
47
Let n be (-16)/(-4)*(-3 + -2). Let t = n + 26. List the prime factors of t.
2, 3
Let l(h) = 36*h**2 - 3*h. Let m be l(3). Suppose 5*p = -110 + m. Suppose -8 + p = 3*f. List the prime factors of f.
11
Let b = 3 + -3. Suppose -j + 5 - 13 = b. Let n = j - -14. List the prime factors of n.
2, 3
Let d = 12 - 9. Let o = -72 - -102. Suppose -5*l + 4*u = -46, d*l + 0*u = 3*u + o. List the prime factors of l.
2, 3
Suppose -38*s = -39*s + 81. What are the prime factors of s?
3
Let u(a) = -a**2 - a + 1. Let z be u(1). Let c(f) = 3 + f**2 - 2 + 13*f**2 - 2. List the prime factors of c(z).
13
Let n(t) = -t**3 + 4*t**2 - 2*t + 1. Suppose b + 5*u - 31 = -b, -4*b + u = -7. List the prime factors of n(b).
2
Suppose -4*v = -3*v + 4. What are the prime factors of (29/(-2))/(2/v)?
29
Let y be (-2)/(((-20)/(-6))/(-5)). Suppose 38 = 3*u - g, y*u = -5*g + g + 58. What are the prime factors of u?
2, 7
Let b = 1 + 1. Let a = b - 0. Suppose -d + 4*h + 0*h = 10, 3*h = -a*d + 24. List the prime factors of d.
2, 3
Let x = -47 + 75. List the prime factors of x.
2, 7
Let z = 15 + -10. List the prime factors of z/(-2)*1032/(-60).
43
Let k(a) be the second derivative of a**5/20 + 3*a**4/4 + a**3 - 3*a**2 - 19*a. Let b be (-4)/(-2) + 0 + -10. What are the prime factors of k(b)?
2, 5
Let l(y) = -y - 1. Let k be l(6). Let t(i) = -i**3 - 7*i**2 - i + 9. List the prime factors of t(k).
2
What are the prime factors of ((-8)/16)/((-2)/36)?
3
Suppose 0 = j - 2 + 1. Let z = 2 - j. List the prime factors of (-1 + z - 2)*-1.
2
Suppose -5*z - 30 = -5*x + 5, -2*z + 10 = 4*x. Let c = 4 - x. Suppose c = 5*i - 2*i - 33. List the prime factors of i.
11
What are the prime factors of (-414)/(-42) - (-1)/7?
2, 5
Suppose -x - 4*n = -95, 2*n - n = -x + 80. What are the prime factors of x?
3, 5
Suppose 0 = 2*y - 2 + 4. List the prime factors of 24*y*(-18)/24.
2, 3
What are the prime factors of (27/(-6)*-22)/1?
3, 11
Suppose -i + 3 = 1, -3*s = -3*i - 15. Let r = s - 4. Suppose 0*g - r*g = -30. What are the prime factors of g?
2, 5
Let h = -12 - -15. Let p = 0 + h. List the prime factors of p.
3
Let q be (-77)/(-21) + (-2)/(-6). Suppose 0 = 2*c - 4*l - 50, -5*c + 3*l + q = -107. What are the prime factors of c?
3, 7
Let g = -7 + 12. Suppose 0 = -p + c + 3, 2*p + 5*c - g + 6 = 0. What are the prime factors of 10 + (p/(-1) - -2)?
2, 5
Let c be -18*(2 - 48/9). Suppose 3*j + 2*k - c = 0, 0 = j + 2*k - 2 - 22. What are the prime factors of j?
2, 3
Suppose 2*b + 2*b - 176 = 0. What are the prime factors of b?
2, 11
Let h be 2 + (1 - 3) + 93. Suppose -3*o + 3*n + 57 = 0, 5*o - 2*n = n + h. What are the prime factors of o?
2, 3
Let c(l) = -l**2 + 4. Let y be c(0). Suppose a = w + 8, a - y*w - 26 = -2*a. Suppose -4*f + a = -2. What are the prime factors of f?
2
Let q be (2 - (1 - -2))*0. Suppose -3*i + i + 3*n + 23 = q, 2*i + 3*n = 17. What are the prime factors of i?
2, 5
Let p(u) = -u**3 + 8*u**2 + 4*u + 7. List the prime factors of p(8).
3, 13
Suppose -4*m = -682 - 178. List the prime factors of m.
5, 43
Suppose 0 = 4*x - 3 - 9. Suppose k + n - 4 = 12, x*k = 3*n + 72. List the prime factors of k.
2, 5
Let m = -115 - -231. What are the prime factors of m?
2, 29
Suppose 5*t + 1 = 2*i + 3, 0 = 3*i - 12. What are the prime factors of t?
2
Suppose 2*f + 1 + 2 = 3*r, -3 = 3*r - 4*f. Let c be 2/r + 12/9. List the prime factors of c/((-1)/3*-3).
2
Suppose -3*a = b - 4 + 5, -4*a + 2 = -2*b. Let m be a - -22 - (-2 - -1). Suppose 5*j + o - m - 3 = 0, -2*j + 16 = -o. What are the prime factors of j?
2, 3
Let s(w) be the third derivative of w**6/120 + w**5/12 - 5*w**4/24 + 2*w**3/3 + 4*w**2. List the prime factors of s(-5).
29
Suppose -4*h = -191 - 45. Suppose -3*z = -4*u - h, -3*z - u - 4*u + 95 = 0. What are the prime factors of z?
5
Suppose 85*n = 91*n - 2430. List the prime factors of n.
3, 5
Let r = 0 - 1. Suppose -3*u - 18 + 24 = 0. What are the prime factors of (-2 + 4 + r)*u?
2
Suppose 8 = -m + 3*m. Let u be (2/6)/(m/36). Suppose -u*t - 3 = 0, 3*s = -3*t + 6 - 3. What are the prime factors of s?
2
Let d be (-1)/(-1) - (2 + -3). Suppose d*u + 3*u - 30 = 0. List the prime factors of u.
2, 3
Let y(n) = 2*n + 17. Let x(t) be the second derivative of t**3/6 + 4*t**2 - t. Let z(w) = -9*x(w) + 4*y(w). List the prime factors of z(-6).
2
Let b = -38 + 72. List the prime factors of b.
2, 17
Let r(j) be the second derivative of j**5/20 - j**4/2 + j**3 + 5*j**2/2 - 10*j. Suppose 2*k - 9 = 1. List the prime factors of r(k).
2, 5
Suppose 5*i - 363 = 3*k, 0*k - 4*k = -4*i + 284. List the prime factors of i.
3, 5
Let s be -1 - (5 - 6/3). Let k(y) = -5*y - 3. List the prime factors of k(s).
17
Let q be (-2)/(-4)*(2 - 2). Suppose -j - 2*g + 13 + 2 = q, -3*j + 5*g = 10. Suppose 28 = 3*n - j. List the prime factors of n.
11
Suppose -4*t + 3*o + 155 = 0, -o - 22 = 2*t - 107. List the prime factors of t.
41
Let h(r) = 4*r**2 - r**2 - 4*r**2 + 2*r**2. List the prime factors of h(-2).
2
Let v(u) = u**3 + 5*u**2 + 3*u. Let i be v(-4). Let g = 24 + i. List the prime factors of g.
2, 7
Let m = -4 + 11. Suppose 0 = 4*h - 125 - m. Suppose 3*y + 5*p = 30, -y = y - p - h. What are the prime factors of y?
3, 5
Suppose -5*s + 116 + 196 = f, 4*s - 12 = 0. List the prime factors of f.
3, 11
Suppose 0 = 2*w + 10 - 46. What are the prime factors of w?
2, 3
Let x(u) = -u**3 + 5*u**2 + 3*u - 6. Let l be 4/(-6) + (-68)/(-12). Let n be x(l). Suppose -n = -3*c + 6. What are the prime factors of c?
5
Let h(q) = -q**3 + 7*q**2 - 5*q + 4. List the prime factors of h(6).
2, 5
Let r(k) = 2 + 0 - k - 1. Let i be r(-2). Suppose i*g = 8*g - 30. List the prime factors of g.
2, 3
Let q(f) = 11*f - 2. What are the prime factors of q(11)?
7, 17
Let n = 119 - 51. What are the prime factors of n?
2, 17
Let b be (24/30)/(2/10). Let f = -2 + 4. Suppose -65 = -b*g - 5*o, -f*g - 2*o + 14 = -g. List the prime factors of g.
2, 5
Let i be 2 + -4 + 2 - -1. Let p(y) = 10*y**2 - y. Let j be p(i). Let h = j - 6. List the prime factors of h.
3
Suppose -14*i + 19*i = 125. List the prime factors of i.
5
Suppose 3*w = 4*w + 4. Let t(n) = -10*n. Let h be t(w). List the prime factors of (h/(-6))/((-2)/3).
2, 5
Let r = -22 - -53. What are the prime factors of r?
31
What are the prime factors of -8*1 - -4 - -33?
29
Let g(d) = d**3 + 11*d**2 - 13*d - 16. Let p be g(-12). List the prime factors of p/(-10) + 90/25.
2
List the prime factors of (719/26 - (-4)/(-26))*8.
2, 5, 11
Let k = 0 - -3. Suppose 0 = k*i + 2*i - 25. Suppose -i + 0 = -a. What are the prime factors of a?
5
Let h = 22 - -46. What are the prime factors of h?
2, 17
Suppose m + m + 14 = -2*o, -o + 3 = 3*m. List the prime factors of (-14)/(-4)*(o - -14).
7
Let i(b) be the first derivative of b + 2 + 0*b**2 + 2/3*b**3. List the prime factors of i(-2).
3
What are the prime factors of (-16)/12*(2 + -8)?
2
Let h(x) = x**2 - 4*x - 7. What are the prime factors of h(-9)?
2, 5, 11
Let h(s) be the first derivative of 1/4*s**4 - 5*s - 7/3*s**3 + s**2 + 2. List the prime factors of h(7).
3
Let f = -8 + 8. Let n be -3 + f/1 + 3. Suppose -4*g = 2*w - 2 - n, 2*w + 3 = -5*g. List the prime factors of w.
11
Suppose 0 = 5*w - 3*w - 30. Let j be ((-6)/12)/(1/(-54)). Let o = j - w. List the prime factors of o.
2, 3
Let f(a) = 25*a + 3. What are the prime factors of f(1)?
2, 7
Let c(w) = 4*w - 6. What are the prime factors of c(5)?
2, 7
Suppose -5*k + k = u - 20, -4*k = -5*u + 124. What are the prime factors of u?
2, 3
Suppose -3*l - 2 + 95 = 0. List the prime factors of l.
31
Suppose 5*n - 110 = 120. List the prime factors of n.
2, 23
Let n(k) = -k + 9. Suppose 9*a = 4*a + i + 40, -2*i = -a - 1. Let r be n(a). List the prime factors of 16/2 + r - -1.
3
Suppose 5*p - 10*p + 125 = 0. What are the prime factors of p?
5
Suppose -d = 45 - 140. What are the prime factors of d?
5, 19
Let f = -27 + 40. What are the prime factors of f?
13
Suppose 4*j - 128 = 2*r - 0*r, 0 = -5*r. Wh